{"id":185,"date":"2023-11-14T09:33:59","date_gmt":"2023-11-14T09:33:59","guid":{"rendered":"http:\/\/www.birtanmedikal.com\/?page_id=185"},"modified":"2023-11-14T09:55:27","modified_gmt":"2023-11-14T09:55:27","slug":"hakkimizda","status":"publish","type":"page","link":"http:\/\/www.birtanmedikal.com\/?page_id=185","title":{"rendered":"Hakk\u0131m\u0131zda"},"content":{"rendered":"\t\t<div data-elementor-type=\"wp-page\" data-elementor-id=\"185\" class=\"elementor elementor-185\">\n\t\t\t\t<div class=\"elementor-element elementor-element-b58650e e-flex e-con-boxed e-con e-parent\" data-id=\"b58650e\" data-element_type=\"container\" data-e-type=\"container\">\n\t\t\t\t\t<div class=\"e-con-inner\">\n\t\t\t\t<div class=\"elementor-element elementor-element-1168b34 elementor-widget elementor-widget-text-editor\" data-id=\"1168b34\" data-element_type=\"widget\" data-e-type=\"widget\" data-widget_type=\"text-editor.default\">\n\t\t\t\t<div class=\"elementor-widget-container\">\n\t\t\t\t\t\t\t\t\t<p>\u00a0 \u00a0 \u00a0 \u00a01995 Y\u0131l\u0131nda kurulmu\u015f olan firmam\u0131z Birtan Medikal T\u0131bbi ve Teknik Cihazlar ltd.\u015eti ,sa\u011fl\u0131k sekt\u00f6r\u00fcnde faaliyet g\u00f6stermek \u00fczere Ankara&#8217;da kurulmu\u015ftur.<\/p><p>\u0130thatalat ve pazarlama alan\u0131nda faaliyet g\u00f6steren firmam\u0131z k\u0131sa s\u00fcre i\u00e7erisinde Birset ve Birtan marka \u00fcr\u00fcnler ile kalite odakl\u0131 m\u00fc\u015fteri ihtiya\u00e7lar\u0131 do\u011frultusunda\u00a0pazarda kendine k\u0131sa zamanda yer edinmi\u015ftir.<\/p><p>2014 y\u0131l\u0131nda \u00fcretimine ba\u015flad\u0131\u011f\u0131 Birset I.V Master inf\u00fczyon pompalar\u0131 ,ve Birset Syringe Master perf\u00fcz\u00f6r pompas\u0131 ile ,\u00fclke de\u011ferlerine yerli ve milli katk\u0131 sa\u011flam\u0131\u015ft\u0131r.Ayn\u0131 y\u0131l CE ve ISO belgelerinialmaya hak kazanarak hem cihaz hem medikal sarf malzeme konusunda \u00fclke ihtiya\u00e7lar\u0131n\u0131 kar\u015f\u0131lamak \u00fczere yerini edinmi\u015ftir.Halihaz\u0131rda Ankara&#8217;n\u0131n Kahramankazan il\u00e7esinde 2500 metrekarelik \u00fcretim ve depo alan\u0131nda faaliyetine devam etmektedir.<\/p>\t\t\t\t\t\t\t\t<\/div>\n\t\t\t\t<\/div>\n\t\t\t\t\t<\/div>\n\t\t\t\t<\/div>\n\t\t\t\t<\/div>\n\t\t","protected":false},"excerpt":{"rendered":"<p>\u00a0 \u00a0 \u00a0 \u00a01995 Y\u0131l\u0131nda kurulmu\u015f olan firmam\u0131z Birtan Medikal T\u0131bbi ve Teknik Cihazlar ltd.\u015eti ,sa\u011fl\u0131k sekt\u00f6r\u00fcnde faaliyet g\u00f6stermek \u00fczere Ankara&#8217;da kurulmu\u015ftur. \u0130thatalat ve pazarlama alan\u0131nda faaliyet g\u00f6steren firmam\u0131z k\u0131sa s\u00fcre i\u00e7erisinde Birset ve Birtan marka \u00fcr\u00fcnler ile kalite odakl\u0131 m\u00fc\u015fteri ihtiya\u00e7lar\u0131 do\u011frultusunda\u00a0pazarda kendine k\u0131sa zamanda yer edinmi\u015ftir. 2014 y\u0131l\u0131nda \u00fcretimine ba\u015flad\u0131\u011f\u0131 Birset I.V Master [&hellip;]<\/p>\n","protected":false},"author":1,"featured_media":0,"parent":0,"menu_order":0,"comment_status":"closed","ping_status":"closed","template":"","meta":{"footnotes":""},"class_list":["post-185","page","type-page","status-publish","hentry"],"_links":{"self":[{"href":"http:\/\/www.birtanmedikal.com\/index.php?rest_route=\/wp\/v2\/pages\/185","targetHints":{"allow":["GET"]}}],"collection":[{"href":"http:\/\/www.birtanmedikal.com\/index.php?rest_route=\/wp\/v2\/pages"}],"about":[{"href":"http:\/\/www.birtanmedikal.com\/index.php?rest_route=\/wp\/v2\/types\/page"}],"author":[{"embeddable":true,"href":"http:\/\/www.birtanmedikal.com\/index.php?rest_route=\/wp\/v2\/users\/1"}],"replies":[{"embeddable":true,"href":"http:\/\/www.birtanmedikal.com\/index.php?rest_route=%2Fwp%2Fv2%2Fcomments&post=185"}],"version-history":[{"count":14,"href":"http:\/\/www.birtanmedikal.com\/index.php?rest_route=\/wp\/v2\/pages\/185\/revisions"}],"predecessor-version":[{"id":199,"href":"http:\/\/www.birtanmedikal.com\/index.php?rest_route=\/wp\/v2\/pages\/185\/revisions\/199"}],"wp:attachment":[{"href":"http:\/\/www.birtanmedikal.com\/index.php?rest_route=%2Fwp%2Fv2%2Fmedia&parent=185"}],"curies":[{"name":"wp","href":"https:\/\/api.w.org\/{rel}","templated":true}]}}