{"id":96,"date":"2023-11-13T13:10:34","date_gmt":"2023-11-13T13:10:34","guid":{"rendered":"http:\/\/www.birtanmedikal.com\/?page_id=96"},"modified":"2025-04-03T11:29:36","modified_gmt":"2025-04-03T11:29:36","slug":"anasayfa","status":"publish","type":"page","link":"http:\/\/www.birtanmedikal.com\/","title":{"rendered":"Anasayfa"},"content":{"rendered":"\t\t<div data-elementor-type=\"wp-page\" data-elementor-id=\"96\" class=\"elementor elementor-96\">\n\t\t\t\t<div class=\"elementor-element elementor-element-9637b04 e-con-full e-flex e-con e-parent\" data-id=\"9637b04\" data-element_type=\"container\" data-e-type=\"container\" data-settings=\"{&quot;shape_divider_bottom&quot;:&quot;wave-brush&quot;}\">\n\t\t\t\t<div class=\"elementor-shape elementor-shape-bottom\" aria-hidden=\"true\" data-negative=\"false\">\n\t\t\t<svg xmlns=\"http:\/\/www.w3.org\/2000\/svg\" viewBox=\"0 0 283.5 27.8\" preserveAspectRatio=\"none\">\n\t<path class=\"elementor-shape-fill\" d=\"M283.5,9.7c0,0-7.3,4.3-14,4.6c-6.8,0.3-12.6,0-20.9-1.5c-11.3-2-33.1-10.1-44.7-5.7\ts-12.1,4.6-18,7.4c-6.6,3.2-20,9.6-36.6,9.3C131.6,23.5,99.5,7.2,86.3,8c-1.4,0.1-6.6,0.8-10.5,2c-3.8,1.2-9.4,3.8-17,4.7\tc-3.2,0.4-8.3,1.1-14.2,0.9c-1.5-0.1-6.3-0.4-12-1.6c-5.7-1.2-11-3.1-15.8-3.7C6.5,9.2,0,10.8,0,10.8V0h283.5V9.7z M260.8,11.3\tc-0.7-1-2-0.4-4.3-0.4c-2.3,0-6.1-1.2-5.8-1.1c0.3,0.1,3.1,1.5,6,1.9C259.7,12.2,261.4,12.3,260.8,11.3z M242.4,8.6\tc0,0-2.4-0.2-5.6-0.9c-3.2-0.8-10.3-2.8-15.1-3.5c-8.2-1.1-15.8,0-15.1,0.1c0.8,0.1,9.6-0.6,17.6,1.1c3.3,0.7,9.3,2.2,12.4,2.7\tC239.9,8.7,242.4,8.6,242.4,8.6z M185.2,8.5c1.7-0.7-13.3,4.7-18.5,6.1c-2.1,0.6-6.2,1.6-10,2c-3.9,0.4-8.9,0.4-8.8,0.5\tc0,0.2,5.8,0.8,11.2,0c5.4-0.8,5.2-1.1,7.6-1.6C170.5,14.7,183.5,9.2,185.2,8.5z M199.1,6.9c0.2,0-0.8-0.4-4.8,1.1\tc-4,1.5-6.7,3.5-6.9,3.7c-0.2,0.1,3.5-1.8,6.6-3C197,7.5,199,6.9,199.1,6.9z M283,6c-0.1,0.1-1.9,1.1-4.8,2.5s-6.9,2.8-6.7,2.7\tc0.2,0,3.5-0.6,7.4-2.5C282.8,6.8,283.1,5.9,283,6z M31.3,11.6c0.1-0.2-1.9-0.2-4.5-1.2s-5.4-1.6-7.8-2C15,7.6,7.3,8.5,7.7,8.6\tC8,8.7,15.9,8.3,20.2,9.3c2.2,0.5,2.4,0.5,5.7,1.6S31.2,11.9,31.3,11.6z M73,9.2c0.4-0.1,3.5-1.6,8.4-2.6c4.9-1.1,8.9-0.5,8.9-0.8\tc0-0.3-1-0.9-6.2-0.3S72.6,9.3,73,9.2z M71.6,6.7C71.8,6.8,75,5.4,77.3,5c2.3-0.3,1.9-0.5,1.9-0.6c0-0.1-1.1-0.2-2.7,0.2\tC74.8,5.1,71.4,6.6,71.6,6.7z M93.6,4.4c0.1,0.2,3.5,0.8,5.6,1.8c2.1,1,1.8,0.6,1.9,0.5c0.1-0.1-0.8-0.8-2.4-1.3\tC97.1,4.8,93.5,4.2,93.6,4.4z M65.4,11.1c-0.1,0.3,0.3,0.5,1.9-0.2s2.6-1.3,2.2-1.2s-0.9,0.4-2.5,0.8C65.3,10.9,65.5,10.8,65.4,11.1\tz M34.5,12.4c-0.2,0,2.1,0.8,3.3,0.9c1.2,0.1,2,0.1,2-0.2c0-0.3-0.1-0.5-1.6-0.4C36.6,12.8,34.7,12.4,34.5,12.4z M152.2,21.1\tc-0.1,0.1-2.4-0.3-7.5-0.3c-5,0-13.6-2.4-17.2-3.5c-3.6-1.1,10,3.9,16.5,4.1C150.5,21.6,152.3,21,152.2,21.1z\"\/>\n\t<path class=\"elementor-shape-fill\" d=\"M269.6,18c-0.1-0.1-4.6,0.3-7.2,0c-7.3-0.7-17-3.2-16.6-2.9c0.4,0.3,13.7,3.1,17,3.3\tC267.7,18.8,269.7,18,269.6,18z\"\/>\n\t<path class=\"elementor-shape-fill\" d=\"M227.4,9.8c-0.2-0.1-4.5-1-9.5-1.2c-5-0.2-12.7,0.6-12.3,0.5c0.3-0.1,5.9-1.8,13.3-1.2\tS227.6,9.9,227.4,9.8z\"\/>\n\t<path class=\"elementor-shape-fill\" d=\"M204.5,13.4c-0.1-0.1,2-1,3.2-1.1c1.2-0.1,2,0,2,0.3c0,0.3-0.1,0.5-1.6,0.4\tC206.4,12.9,204.6,13.5,204.5,13.4z\"\/>\n\t<path class=\"elementor-shape-fill\" d=\"M201,10.6c0-0.1-4.4,1.2-6.3,2.2c-1.9,0.9-6.2,3.1-6.1,3.1c0.1,0.1,4.2-1.6,6.3-2.6\tS201,10.7,201,10.6z\"\/>\n\t<path class=\"elementor-shape-fill\" d=\"M154.5,26.7c-0.1-0.1-4.6,0.3-7.2,0c-7.3-0.7-17-3.2-16.6-2.9c0.4,0.3,13.7,3.1,17,3.3\tC152.6,27.5,154.6,26.8,154.5,26.7z\"\/>\n\t<path class=\"elementor-shape-fill\" d=\"M41.9,19.3c0,0,1.2-0.3,2.9-0.1c1.7,0.2,5.8,0.9,8.2,0.7c4.2-0.4,7.4-2.7,7-2.6\tc-0.4,0-4.3,2.2-8.6,1.9c-1.8-0.1-5.1-0.5-6.7-0.4S41.9,19.3,41.9,19.3z\"\/>\n\t<path class=\"elementor-shape-fill\" d=\"M75.5,12.6c0.2,0.1,2-0.8,4.3-1.1c2.3-0.2,2.1-0.3,2.1-0.5c0-0.1-1.8-0.4-3.4,0\tC76.9,11.5,75.3,12.5,75.5,12.6z\"\/>\n\t<path class=\"elementor-shape-fill\" d=\"M15.6,13.2c0-0.1,4.3,0,6.7,0.5c2.4,0.5,5,1.9,5,2c0,0.1-2.7-0.8-5.1-1.4\tC19.9,13.7,15.7,13.3,15.6,13.2z\"\/>\n<\/svg>\t\t<\/div>\n\t\t\t\t<div class=\"elementor-element elementor-element-520720f elementor-widget elementor-widget-image\" data-id=\"520720f\" data-element_type=\"widget\" data-e-type=\"widget\" data-widget_type=\"image.default\">\n\t\t\t\t<div class=\"elementor-widget-container\">\n\t\t\t\t\t\t\t\t\t\t\t\t\t\t\t<img decoding=\"async\" src=\"https:\/\/www.birtanmedikal.com\/wp-content\/uploads\/2023\/11\/pexels-pixabay-40568-scaled.jpg\" title=\"pexels-pixabay-40568\" alt=\"pexels-pixabay-40568\" loading=\"lazy\" \/>\t\t\t\t\t\t\t\t\t\t\t\t\t\t\t<\/div>\n\t\t\t\t<\/div>\n\t\t\t\t<\/div>\n\t\t<div class=\"elementor-element elementor-element-f624630 e-flex e-con-boxed e-con e-parent\" data-id=\"f624630\" data-element_type=\"container\" data-e-type=\"container\">\n\t\t\t\t\t<div class=\"e-con-inner\">\n\t\t<div class=\"elementor-element elementor-element-ea8c82c e-con-full e-flex e-con e-child\" data-id=\"ea8c82c\" data-element_type=\"container\" data-e-type=\"container\">\n\t\t\t\t<div class=\"elementor-element elementor-element-66a46af elementor-widget elementor-widget-heading\" data-id=\"66a46af\" data-element_type=\"widget\" data-e-type=\"widget\" data-widget_type=\"heading.default\">\n\t\t\t\t<div class=\"elementor-widget-container\">\n\t\t\t\t\t<h2 class=\"elementor-heading-title elementor-size-default\">BA\u015eLICA B\u0130RSET MARKA \u00dcR\u00dcNLER<br><br><\/h2>\t\t\t\t<\/div>\n\t\t\t\t<\/div>\n\t\t\t\t<\/div>\n\t\t\t\t<div class=\"elementor-element elementor-element-5fadc41 elementor-drop-cap-yes elementor-drop-cap-view-default elementor-widget elementor-widget-text-editor\" data-id=\"5fadc41\" data-element_type=\"widget\" data-e-type=\"widget\" data-settings=\"{&quot;drop_cap&quot;:&quot;yes&quot;}\" data-widget_type=\"text-editor.default\">\n\t\t\t\t<div class=\"elementor-widget-container\">\n\t\t\t\t\t\t\t\t\t<p><strong>Birset \u0130nf\u00fczyon Pompa Setleri \/Birset Opak \u0130nf\u00fczyon Pompa Setleri<\/strong><br \/>Hem \u015eeffaf \/Hemde opak maddeler<br \/>i\u00e7in geli\u015ftirilmi\u015f \u00f6zel Y Portlar\u0131 ile B\u00fcy\u00fck hazneli olarak sat\u0131\u015fa sunulmaktad\u0131r.Havayolu kapak\u00e7\u0131\u011f\u0131 mayinin kolay \u015fekilde akmas\u0131na izin veren yap\u0131da olup hortum elastomerik yap\u0131dad\u0131r.<\/p>\t\t\t\t\t\t\t\t<\/div>\n\t\t\t\t<\/div>\n\t\t<div class=\"elementor-element elementor-element-6efce1f e-con-full e-flex e-con e-child\" data-id=\"6efce1f\" data-element_type=\"container\" data-e-type=\"container\">\n\t\t\t\t<div class=\"elementor-element elementor-element-a7734cb elementor-widget__width-initial elementor-widget elementor-widget-image\" data-id=\"a7734cb\" data-element_type=\"widget\" data-e-type=\"widget\" data-widget_type=\"image.default\">\n\t\t\t\t<div class=\"elementor-widget-container\">\n\t\t\t\t\t\t\t\t\t\t\t\t\t\t\t<img fetchpriority=\"high\" decoding=\"async\" width=\"417\" height=\"208\" src=\"https:\/\/www.birtanmedikal.com\/wp-content\/uploads\/2023\/11\/g5079.png\" class=\"attachment-large size-large wp-image-103\" alt=\"\u0130nf\u00fczyon Pompa Setleri\" srcset=\"https:\/\/www.birtanmedikal.com\/wp-content\/uploads\/2023\/11\/g5079.png 417w, https:\/\/www.birtanmedikal.com\/wp-content\/uploads\/2023\/11\/g5079-300x150.png 300w\" sizes=\"(max-width: 417px) 100vw, 417px\" \/>\t\t\t\t\t\t\t\t\t\t\t\t\t\t\t<\/div>\n\t\t\t\t<\/div>\n\t\t\t\t<\/div>\n\t\t\t\t<div class=\"elementor-element elementor-element-e818004 elementor-widget__width-initial elementor-widget elementor-widget-image\" data-id=\"e818004\" data-element_type=\"widget\" data-e-type=\"widget\" data-widget_type=\"image.default\">\n\t\t\t\t<div class=\"elementor-widget-container\">\n\t\t\t\t\t\t\t\t\t\t\t\t\t\t\t<img decoding=\"async\" width=\"290\" height=\"300\" src=\"https:\/\/www.birtanmedikal.com\/wp-content\/uploads\/2025\/04\/Infpompaopak-290x300.jpg\" class=\"attachment-medium size-medium wp-image-301\" alt=\"\" srcset=\"https:\/\/www.birtanmedikal.com\/wp-content\/uploads\/2025\/04\/Infpompaopak-290x300.jpg 290w, https:\/\/www.birtanmedikal.com\/wp-content\/uploads\/2025\/04\/Infpompaopak-990x1024.jpg 990w, https:\/\/www.birtanmedikal.com\/wp-content\/uploads\/2025\/04\/Infpompaopak-768x794.jpg 768w, https:\/\/www.birtanmedikal.com\/wp-content\/uploads\/2025\/04\/Infpompaopak-1485x1536.jpg 1485w, https:\/\/www.birtanmedikal.com\/wp-content\/uploads\/2025\/04\/Infpompaopak-1980x2048.jpg 1980w\" sizes=\"(max-width: 290px) 100vw, 290px\" \/>\t\t\t\t\t\t\t\t\t\t\t\t\t\t\t<\/div>\n\t\t\t\t<\/div>\n\t\t\t\t\t<\/div>\n\t\t\t\t<\/div>\n\t\t<div class=\"elementor-element elementor-element-ef57e4c e-flex e-con-boxed e-con e-parent\" data-id=\"ef57e4c\" data-element_type=\"container\" data-e-type=\"container\">\n\t\t\t\t\t<div class=\"e-con-inner\">\n\t\t<div class=\"elementor-element elementor-element-9579c0d e-con-full e-flex e-con e-child\" data-id=\"9579c0d\" data-element_type=\"container\" data-e-type=\"container\">\n\t\t\t\t<div class=\"elementor-element elementor-element-7a4c31f elementor-widget elementor-widget-image\" data-id=\"7a4c31f\" data-element_type=\"widget\" data-e-type=\"widget\" data-widget_type=\"image.default\">\n\t\t\t\t<div class=\"elementor-widget-container\">\n\t\t\t\t\t\t\t\t\t\t\t\t\t\t\t<img decoding=\"async\" width=\"300\" height=\"300\" src=\"https:\/\/www.birtanmedikal.com\/wp-content\/uploads\/2025\/04\/BTSET-300x300.jpg\" class=\"attachment-medium size-medium wp-image-294\" alt=\"\" srcset=\"https:\/\/www.birtanmedikal.com\/wp-content\/uploads\/2025\/04\/BTSET-300x300.jpg 300w, https:\/\/www.birtanmedikal.com\/wp-content\/uploads\/2025\/04\/BTSET-1024x1024.jpg 1024w, https:\/\/www.birtanmedikal.com\/wp-content\/uploads\/2025\/04\/BTSET-150x150.jpg 150w, https:\/\/www.birtanmedikal.com\/wp-content\/uploads\/2025\/04\/BTSET-768x768.jpg 768w, https:\/\/www.birtanmedikal.com\/wp-content\/uploads\/2025\/04\/BTSET.jpg 1500w\" sizes=\"(max-width: 300px) 100vw, 300px\" \/>\t\t\t\t\t\t\t\t\t\t\t\t\t\t\t<\/div>\n\t\t\t\t<\/div>\n\t\t\t\t<\/div>\n\t\t<div class=\"elementor-element elementor-element-d5d1495 e-con-full e-flex e-con e-child\" data-id=\"d5d1495\" data-element_type=\"container\" data-e-type=\"container\">\n\t\t\t\t<div class=\"elementor-element elementor-element-ac38f2a elementor-widget elementor-widget-text-editor\" data-id=\"ac38f2a\" data-element_type=\"widget\" data-e-type=\"widget\" data-widget_type=\"text-editor.default\">\n\t\t\t\t<div class=\"elementor-widget-container\">\n\t\t\t\t\t\t\t\t\t<p><strong>Birset Kan Verme\/Alma Setleri<\/strong><\/p><p>Havayolu kapaks\u0131z olarak \u00fcretilmi\u015f, \u00f6zel ge\u00e7irgen filtre yap\u0131s\u0131na haiz setlerimiz, ergonomik\u00a0 yap\u0131daki roller klempe sahiptir. Etilen oksit sterilizasyonuna tabi olup ,luer slip ge\u00e7me yap\u0131daki keskin\u00a0i\u011fnesi ile y\u00fcksek kalitede a\u011fr\u0131s\u0131z tedaviye olanak tan\u0131r.<\/p>\t\t\t\t\t\t\t\t<\/div>\n\t\t\t\t<\/div>\n\t\t\t\t<\/div>\n\t\t<div class=\"elementor-element elementor-element-00ee088 e-con-full e-flex e-con e-child\" data-id=\"00ee088\" data-element_type=\"container\" data-e-type=\"container\">\n\t\t\t\t<div class=\"elementor-element elementor-element-afdb72e elementor-widget elementor-widget-image\" data-id=\"afdb72e\" data-element_type=\"widget\" data-e-type=\"widget\" data-widget_type=\"image.default\">\n\t\t\t\t<div class=\"elementor-widget-container\">\n\t\t\t\t\t\t\t\t\t\t\t\t\t\t\t<img loading=\"lazy\" decoding=\"async\" width=\"287\" height=\"261\" src=\"https:\/\/www.birtanmedikal.com\/wp-content\/uploads\/2023\/11\/Birset-Uzatma-Hatti.png\" class=\"attachment-large size-large wp-image-101\" alt=\"Uzatma Hatlar\u0131\" \/>\t\t\t\t\t\t\t\t\t\t\t\t\t\t\t<\/div>\n\t\t\t\t<\/div>\n\t\t\t\t<\/div>\n\t\t<div class=\"elementor-element elementor-element-68a34b7 e-con-full e-flex e-con e-child\" data-id=\"68a34b7\" data-element_type=\"container\" data-e-type=\"container\">\n\t\t\t\t<div class=\"elementor-element elementor-element-cf41f69 elementor-drop-cap-yes elementor-drop-cap-view-default elementor-widget elementor-widget-text-editor\" data-id=\"cf41f69\" data-element_type=\"widget\" data-e-type=\"widget\" data-settings=\"{&quot;drop_cap&quot;:&quot;yes&quot;}\" data-widget_type=\"text-editor.default\">\n\t\t\t\t<div class=\"elementor-widget-container\">\n\t\t\t\t\t\t\t\t\t<p><strong>Birset Uzatma Hatlar\u0131\u00a0<\/strong><\/p><p>\u00c7e\u015fitli ebat ve bas\u0131n\u00e7 de\u011ferlerinde bas\u0131n\u00e7 monit\u00f6rize etmek ama\u00e7l\u0131 kullan\u0131lan ,hem opak hem de \u015feffaf\u00a0 maddelere\u00a0uyumlu M\/F(Erkek\/Di\u015fi ) veya M\/M (Erkek\/Erkek)konnekt\u00f6rl\u00fc modelleri mevcuttur.<\/p><p>\u00a0<\/p>\t\t\t\t\t\t\t\t<\/div>\n\t\t\t\t<\/div>\n\t\t\t\t<\/div>\n\t\t\t\t\t<\/div>\n\t\t\t\t<\/div>\n\t\t<div class=\"elementor-element elementor-element-bc166ad e-flex e-con-boxed e-con e-parent\" data-id=\"bc166ad\" data-element_type=\"container\" data-e-type=\"container\">\n\t\t\t\t\t<div class=\"e-con-inner\">\n\t\t<div class=\"elementor-element elementor-element-04fa827 e-con-full e-flex e-con e-child\" data-id=\"04fa827\" data-element_type=\"container\" data-e-type=\"container\">\n\t\t\t\t<div class=\"elementor-element elementor-element-c25bba4 elementor-widget elementor-widget-image\" data-id=\"c25bba4\" data-element_type=\"widget\" data-e-type=\"widget\" data-widget_type=\"image.default\">\n\t\t\t\t<div class=\"elementor-widget-container\">\n\t\t\t\t\t\t\t\t\t\t\t\t\t\t\t<img loading=\"lazy\" decoding=\"async\" width=\"295\" height=\"494\" src=\"https:\/\/www.birtanmedikal.com\/wp-content\/uploads\/2023\/11\/opak-perf.png\" class=\"attachment-large size-large wp-image-105\" alt=\"\" srcset=\"https:\/\/www.birtanmedikal.com\/wp-content\/uploads\/2023\/11\/opak-perf.png 295w, https:\/\/www.birtanmedikal.com\/wp-content\/uploads\/2023\/11\/opak-perf-179x300.png 179w\" sizes=\"(max-width: 295px) 100vw, 295px\" \/>\t\t\t\t\t\t\t\t\t\t\t\t\t\t\t<\/div>\n\t\t\t\t<\/div>\n\t\t\t\t<\/div>\n\t\t<div class=\"elementor-element elementor-element-578d54a e-con-full e-flex e-con e-child\" data-id=\"578d54a\" data-element_type=\"container\" data-e-type=\"container\">\n\t\t\t\t<div class=\"elementor-element elementor-element-e2a2a75 elementor-drop-cap-yes elementor-drop-cap-view-default elementor-widget elementor-widget-text-editor\" data-id=\"e2a2a75\" data-element_type=\"widget\" data-e-type=\"widget\" data-settings=\"{&quot;drop_cap&quot;:&quot;yes&quot;}\" data-widget_type=\"text-editor.default\">\n\t\t\t\t<div class=\"elementor-widget-container\">\n\t\t\t\t\t\t\t\t\t<p><strong>Birset Perf\u00fcz\u00f6r enjekt\u00f6rleri<\/strong> t\u0131bb\u0131n bir\u00e7okalan\u0131nda \u00f6zellikle de<br \/>kemoterapide kullan\u0131lan \u00f6zel yap\u0131da enjekt\u00f6rlerdir. Bu Enjekt\u00f6rler\u00a0 perf\u00fczyon gibi ila\u00e7 pompalar\u0131nda kullan\u0131lmak \u00fczere g\u00fc\u00e7l\u00fc bir yap\u0131da ve 50cc\/ml \u00a0 hacim kapasiteli olarak tasar-lanm\u0131\u015ft\u0131r.<br \/>Perf\u00fcz\u00f6r enjekt\u00f6rle-ri,hem \u0131\u015f\u0131\u011fa duyar-<br \/>l\u0131 (opak madde) ila\u00e7lar i\u00e7in hem de \u015fef-faf \u0131\u015f\u0131ktan etkilenmeyen ila\u00e7lar i\u00e7in farkl\u0131 modellerde sunulmaktad\u0131r.<\/p>\t\t\t\t\t\t\t\t<\/div>\n\t\t\t\t<\/div>\n\t\t\t\t<\/div>\n\t\t<div class=\"elementor-element elementor-element-63c945b e-con-full e-flex e-con e-child\" data-id=\"63c945b\" data-element_type=\"container\" data-e-type=\"container\">\n\t\t\t\t<div class=\"elementor-element elementor-element-86cd291 elementor-widget elementor-widget-image\" data-id=\"86cd291\" data-element_type=\"widget\" data-e-type=\"widget\" data-widget_type=\"image.default\">\n\t\t\t\t<div class=\"elementor-widget-container\">\n\t\t\t\t\t\t\t\t\t\t\t\t\t\t\t<img loading=\"lazy\" decoding=\"async\" width=\"423\" height=\"423\" src=\"https:\/\/www.birtanmedikal.com\/wp-content\/uploads\/2023\/11\/Bloodbagsingle.jpg\" class=\"attachment-large size-large wp-image-102\" alt=\"\" srcset=\"https:\/\/www.birtanmedikal.com\/wp-content\/uploads\/2023\/11\/Bloodbagsingle.jpg 423w, https:\/\/www.birtanmedikal.com\/wp-content\/uploads\/2023\/11\/Bloodbagsingle-300x300.jpg 300w, https:\/\/www.birtanmedikal.com\/wp-content\/uploads\/2023\/11\/Bloodbagsingle-150x150.jpg 150w\" sizes=\"(max-width: 423px) 100vw, 423px\" \/>\t\t\t\t\t\t\t\t\t\t\t\t\t\t\t<\/div>\n\t\t\t\t<\/div>\n\t\t\t\t<\/div>\n\t\t<div class=\"elementor-element elementor-element-807fa56 e-con-full e-flex e-con e-child\" data-id=\"807fa56\" data-element_type=\"container\" data-e-type=\"container\">\n\t\t\t\t<div class=\"elementor-element elementor-element-de4f59d elementor-drop-cap-yes elementor-drop-cap-view-default elementor-widget elementor-widget-text-editor\" data-id=\"de4f59d\" data-element_type=\"widget\" data-e-type=\"widget\" data-settings=\"{&quot;drop_cap&quot;:&quot;yes&quot;}\" data-widget_type=\"text-editor.default\">\n\t\t\t\t<div class=\"elementor-widget-container\">\n\t\t\t\t\t\t\t\t\t<p><strong>Birset Kan Torbalar\u0131<\/strong><\/p><p>Firmam\u0131z \u00fcr\u00fcnlerinden olan Birset\u00a0 marka kan torbalar\u0131m\u0131z CPDA-1 sol\u00fcsyon \u00f6zellikli olup 450 ml kapasiteli Anti Coag\u00fclen \u00f6zellikli olarak sunulmaktad\u0131r.<\/p>\t\t\t\t\t\t\t\t<\/div>\n\t\t\t\t<\/div>\n\t\t\t\t<\/div>\n\t\t\t\t\t<\/div>\n\t\t\t\t<\/div>\n\t\t<div class=\"elementor-element elementor-element-e275e93 e-flex e-con-boxed e-con e-parent\" data-id=\"e275e93\" data-element_type=\"container\" data-e-type=\"container\">\n\t\t\t\t\t<div class=\"e-con-inner\">\n\t\t\t\t\t<\/div>\n\t\t\t\t<\/div>\n\t\t<div class=\"elementor-element elementor-element-aea37fb e-flex e-con-boxed e-con e-parent\" data-id=\"aea37fb\" data-element_type=\"container\" data-e-type=\"container\">\n\t\t\t\t\t<div class=\"e-con-inner\">\n\t\t\t\t\t<\/div>\n\t\t\t\t<\/div>\n\t\t\t\t<\/div>\n\t\t","protected":false},"excerpt":{"rendered":"<p>BA\u015eLICA B\u0130RSET MARKA \u00dcR\u00dcNLER Birset \u0130nf\u00fczyon Pompa Setleri \/Birset Opak \u0130nf\u00fczyon Pompa SetleriHem \u015eeffaf \/Hemde opak maddeleri\u00e7in geli\u015ftirilmi\u015f \u00f6zel Y Portlar\u0131 ile B\u00fcy\u00fck hazneli olarak sat\u0131\u015fa sunulmaktad\u0131r.Havayolu kapak\u00e7\u0131\u011f\u0131 mayinin kolay \u015fekilde akmas\u0131na izin veren yap\u0131da olup hortum elastomerik yap\u0131dad\u0131r. Birset Kan Verme\/Alma Setleri Havayolu kapaks\u0131z olarak \u00fcretilmi\u015f, \u00f6zel ge\u00e7irgen filtre yap\u0131s\u0131na haiz setlerimiz, ergonomik\u00a0 yap\u0131daki [&hellip;]<\/p>\n","protected":false},"author":1,"featured_media":0,"parent":0,"menu_order":0,"comment_status":"closed","ping_status":"closed","template":"elementor_header_footer","meta":{"footnotes":""},"class_list":["post-96","page","type-page","status-publish","hentry"],"_links":{"self":[{"href":"http:\/\/www.birtanmedikal.com\/index.php?rest_route=\/wp\/v2\/pages\/96","targetHints":{"allow":["GET"]}}],"collection":[{"href":"http:\/\/www.birtanmedikal.com\/index.php?rest_route=\/wp\/v2\/pages"}],"about":[{"href":"http:\/\/www.birtanmedikal.com\/index.php?rest_route=\/wp\/v2\/types\/page"}],"author":[{"embeddable":true,"href":"http:\/\/www.birtanmedikal.com\/index.php?rest_route=\/wp\/v2\/users\/1"}],"replies":[{"embeddable":true,"href":"http:\/\/www.birtanmedikal.com\/index.php?rest_route=%2Fwp%2Fv2%2Fcomments&post=96"}],"version-history":[{"count":131,"href":"http:\/\/www.birtanmedikal.com\/index.php?rest_route=\/wp\/v2\/pages\/96\/revisions"}],"predecessor-version":[{"id":310,"href":"http:\/\/www.birtanmedikal.com\/index.php?rest_route=\/wp\/v2\/pages\/96\/revisions\/310"}],"wp:attachment":[{"href":"http:\/\/www.birtanmedikal.com\/index.php?rest_route=%2Fwp%2Fv2%2Fmedia&parent=96"}],"curies":[{"name":"wp","href":"https:\/\/api.w.org\/{rel}","templated":true}]}}